erivative of 15*t**2 + 2*t + 31. Let r be (1 - 0)/(1 + 0). What are the prime factors of x(r)?
2
Suppose 5*j = -2*n - 1506, -908 = 7*j - 4*j - n. Let a = 450 + j. Suppose -4*x - x = -3*g + 223, -4*x = -2*g + a. What are the prime factors of g?
2, 19
Let l(d) = 1383*d + 493. List the prime factors of l(11).
2, 7853
Suppose 14*r = 18*r - 968. Suppose 2*v + 94 = -o, 3*o - v = v - r. Let t = o + 187. What are the prime factors of t?
103
List the prime factors of (-1134660)/(-96) - ((-58)/16 - -4).
53, 223
Let g(r) = -r**2 - 5*r + 19. Let b be g(-5). Suppose -3*d + 20 + b = 0. Suppose 16*q - 237 = d*q. What are the prime factors of q?
79
Let z be (-30 - -28) + 1*7. Suppose z*w - 2971 = 434. List the prime factors of w.
3, 227
Suppose 2*r - 10 + 540 = -u, 2622 = -5*u - 3*r. Let z = 1020 + u. What are the prime factors of z?
2, 3, 83
Let d be (-8)/12*27/(-6). Suppose -7*c = -4*z - 3*c + 6140, 2*z - d*c = 3068. List the prime factors of z.
29, 53
Let v(w) be the third derivative of w**4 - 1/3*w**3 + 0*w + 0 + 9*w**2. What are the prime factors of v(1)?
2, 11
Suppose -9*k = -2*f + 4*f - 163529, 0 = 4*k - 4*f - 72660. List the prime factors of k.
18169
Let i = 1206 - -2865. List the prime factors of i.
3, 23, 59
Let d(m) = -2*m**3 - m**2 + 3*m + 2. Let c be d(-2). Suppose -g + 32 = g. Suppose -f = -g - c. What are the prime factors of f?
2, 3
Suppose -2*u - 49 + 125 = 0. Suppose 5*p - 3*w = 212, p - u = -w + 6. List the prime factors of -2*(0 - p/2).
43
Suppose 5114 = 3*h - 165*j + 161*j, 2*h + 4*j = 3436. List the prime factors of h.
2, 3, 5, 19
Let b(h) = h - 1. Let c(i) = -35*i**2 + i - 2. Let w(q) = -5*b(q) - c(q). Suppose 40 = -8*s + 28*s. List the prime factors of w(s).
3, 5
Suppose -48*o + 281016 = 107*o - 630384. List the prime factors of o.
2, 3, 5, 7
Suppose 0 = -14*g + 20392 + 23218. What are the prime factors of g?
5, 7, 89
Let i be 1/(-7) + (-1)/(-7). Suppose i*a + 4*a + 4 = 0. What are the prime factors of 105 - (-4 + (-3)/a)?
2, 53
Let t = -39 - -57. Suppose -4*q - 2*q = -t. Suppose 0 = -u - q + 45. List the prime factors of u.
2, 3, 7
Let y(r) = -3673*r - 4123. What are the prime factors of y(-11)?
2, 5, 907
Let r(n) = -2*n**3 - 39*n**2 + 20*n + 1. Let j be r(-20). What are the prime factors of j - (-1 + -4 + 2 + -339)?
7
Suppose 5*x = -w + 49239, -3*w - 17*x + 147774 = -21*x. What are the prime factors of w?
2, 3, 8209
Let o(l) = -3*l**3 - 4*l**2 + 47*l + 336. List the prime factors of o(-6).
2, 3, 31
Let m = -72 + 92. Suppose -1759 = -m*c + 5181. What are the prime factors of c?
347
Let l(v) = -5*v - 7. Let w be l(-2). Let j be (w - 0 - 0)/(3/(-2)). What are the prime factors of 140/24 - j/12?
2, 3
Let i(l) = 3*l**2 + 8. Let c be i(6). Let m be (c/12)/(2/12). Suppose -m = j - 2*j. List the prime factors of j.
2, 29
List the prime factors of (-1137900)/(-32) - (-3)/40*-5.
3, 439
List the prime factors of (-210)/(-49) + (-2)/7 - 20646/(-3).
2, 11, 313
Let u(q) = -q**3 + 64*q**2 - 16*q + 29. List the prime factors of u(62).
5, 269
Let g = 3465 - 357. Suppose g - 567 = 21*t. List the prime factors of t.
11
Let j(l) = -7*l**2 + 4*l + 5. Let i be j(-1). Let v(a) = -83*a + 49. What are the prime factors of v(i)?
547
What are the prime factors of 8117 + -8 + 20 + 6?
5, 1627
Suppose 2*h - 184 = -50. Let l be (-534)/9 + (-1)/(-3). Let i = h + l. List the prime factors of i.
2
Let b(v) = 3*v - 203. Let z be b(6). What are the prime factors of 2*(z/(-15))/((-2)/(-69))?
23, 37
Let g = 230 - -966. What are the prime factors of g?
2, 13, 23
Let q(s) = -111*s**3 + s**2 - s - 1. Let p be q(-1). Let m = 278 - p. What are the prime factors of m?
2, 83
What are the prime factors of 14212 + (-204)/374 + 116/11?
2, 13, 547
Suppose 4*q = h - 0*h - 3420, 3*q = -2*h + 6785. Suppose -7*g + h = 411. List the prime factors of g.
7, 61
Let i(p) = -2*p**3 - 15*p**2 - 13*p - 7. Let y be i(-11). Let r = y + -595. Suppose 0 = 2*k + 2*k - r. List the prime factors of k.
97
Let w(n) = n**2 + 17*n - 24. Let y be w(-13). Let f = 81 + y. Suppose 4*r + 2*i = 266, -16 = f*r - 2*i - 335. What are the prime factors of r?
5, 13
Suppose 8232*q - 1338833 = 8179*q. What are the prime factors of q?
25261
Suppose 5*z + d = -230, -3*d - 71 = z - 25. Let j = -43 - z. List the prime factors of (((-9)/(-4))/j)/((-3)/(-384)).
2, 3
Suppose -d = -3*n + n - 4, 5*n = -4*d + 3. Suppose -d*g = -13 + 5. Suppose -g*y = 4*m - 264, -y + 0*y + 3*m + 74 = 0. List the prime factors of y.
2, 17
Suppose -5*r - 120 = -17*r. List the prime factors of (r/(-4)*150)/(-1).
3, 5
Suppose 0 = 3*w - s - 964, -4*s - 972 = -3*w - 7*s. Let k = w + -107. List the prime factors of k.
5, 43
Let a(l) = -36*l - 172. Let o be a(-11). Suppose 0 = -222*d + o*d - 1314. List the prime factors of d.
3, 73
Suppose -14*v - 35 = -7*v. List the prime factors of ((-2)/(-4))/(0 - v/5480).
2, 137
Let g = -52333 - -76419. List the prime factors of g.
2, 12043
What are the prime factors of 4 - 64917/(-12) - (-110)/88?
3, 5, 19
Let d be 598/138 - 3/(18/(-4)). Suppose -57 = -3*p + d*i - 22, 0 = 5*i + 5. Let m(q) = q**2 - q + 14. List the prime factors of m(p).
2, 13
Let d(n) = n**2 + 4*n + 8. Let k be d(-2). Suppose -k*r - 2*c + 3514 = 0, -2*r = -3*c - c - 1732. What are the prime factors of r?
2, 3, 73
What are the prime factors of 84*(1/5)/(68/16235)?
3, 7, 191
Let b(u) = -u**3 + u**2 + u - 1. Suppose 31*a - 32*a = 1. Let t be b(a). Suppose 5*r + 0*r = -5*y + 340, t = -y + 2*r + 59. What are the prime factors of y?
5, 13
Let c(g) = 4*g**2 + 36*g - 38. Let n be c(-10). Suppose 3*s + 12 = 3, -1039 = -n*k - 5*s. List the prime factors of k.
17, 31
Suppose -3*w + 4*h = 2 + 9, -2*w - 2*h - 12 = 0. Let v be 995 - (-60)/6*(-2)/w. Suppose -v = -8*r - r. List the prime factors of r.
3, 37
Let o(j) = -57*j + 3. Let u be o(-3). Let h be (3/(12/10))/((-1)/(-38)). Let y = u - h. List the prime factors of y.
79
Suppose -1081025 = 46*u - 101*u. What are the prime factors of u?
5, 3931
Let z(j) = 19*j + 29. Let x be z(14). Let t be (-204)/8 - (-2)/(-4). Let b = x + t. List the prime factors of b.
269
Let r(f) be the first derivative of f**3/3 - 11*f**2/2 - 300*f + 89. List the prime factors of r(51).
2, 3, 5, 29
Let j(l) = -10*l**2 + 169*l - 43. Let r(m) = -3*m**2 + 56*m - 15. Let b(w) = -2*j(w) + 7*r(w). What are the prime factors of b(14)?
541
Let o = 1315 - 84. Suppose 3*j = -q + 1834, 2*j + 2*q - 3*q = o. What are the prime factors of j?
613
Suppose h - 14 = -2*h + 2*s, 2*s + 10 = h. Suppose 2*k + 450 = h*b, 3*k = -2*k - 15. What are the prime factors of b?
2, 3, 37
Let b(y) = 2*y - 41. Let u(p) = -p**3 - 10*p**2 + 8*p - 14. Let n be u(-11). Let f be b(n). What are the prime factors of (-85)/f - (4 + (-44)/12)?
2, 7
Suppose -3*p + 8*p = 160. Let o be ((-12)/8)/(12/p). List the prime factors of 8/o*342/(-4).
3, 19
Suppose 141*l - 142*l + 5*f = -6838, -20418 = -3*l - f. What are the prime factors of l?
2, 23, 37
Let p be (119/4)/(2/8). Let l be (4/(-3))/((-3)/9). Suppose -p = -l*r + 49. What are the prime factors of r?
2, 3, 7
Let i = -6976 - -18749. What are the prime factors of i?
61, 193
Let c = -902 + 583. Let n = 508 + c. Let d = 298 - n. What are the prime factors of d?
109
Suppose -64280 = -9*o + 58489. List the prime factors of o.
3, 4547
List the prime factors of (-39535)/1*(-90)/150.
3, 7907
Suppose 77*p - p - 2079 = 885. Let x = 717 - 1172. List the prime factors of 18/(-10)*x/p.
3, 7
Let v(x) = -42*x - 2. Let t(s) = -42*s - 3. Let m(g) = 6*t(g) - 5*v(g). Let f be m(-9). Suppose -4*w = -38 - f. What are the prime factors of w?
2, 3, 17
Suppose -4*r - 5*x + 8541 = 1749, 8535 = 5*r - 5*x. List the prime factors of r.
13, 131
Let k = 628 + -615. Let c(b) = 3*b**2 - 30*b + 30. What are the prime factors of c(k)?
3, 7
Suppose 20961 = 19*a - 39534 - 93158. What are the prime factors of a?
8087
Suppose 0 = 3*c - 4*q - 85, 5*c = 7*q - 2*q + 140. Let h(b) = 2*b + 3*b + c + 0*b + 2*b. List the prime factors of h(6).
3, 23
Let m = -151 + 176. Suppose -474 = -x + 4*u, u - 1448 = -m*x + 22*x. List the prime factors of x.
2, 241
Let f be 0 - ((-4)/(-6) + 16/(-6)). Suppose 0*u = f*i - 3*u - 734, i - 367 = -u. What are the prime factors of i?
367
Let w = -2347 + -2207. Let r = -3074 - w. What are the prime factors of r?
2, 5, 37
Let d be (6/(-3))/(